{"id":167,"date":"2023-10-31T14:24:17","date_gmt":"2023-10-31T13:24:17","guid":{"rendered":"https:\/\/kiss.nu\/?page_id=167"},"modified":"2023-11-05T18:03:00","modified_gmt":"2023-11-05T17:03:00","slug":"therapieablauf","status":"publish","type":"page","link":"https:\/\/kiss.nu\/?page_id=167","title":{"rendered":"Therapieablauf"},"content":{"rendered":"\t\t<div data-elementor-type=\"wp-page\" data-elementor-id=\"167\" class=\"elementor elementor-167\">\n\t\t\t\t\t\t\t<div class=\"elementor-element elementor-element-6108b39 e-flex e-con-boxed e-con e-parent\" data-id=\"6108b39\" data-element_type=\"container\" data-settings=\"{&quot;content_width&quot;:&quot;boxed&quot;}\" data-core-v316-plus=\"true\">\n\t\t\t\t\t<div class=\"e-con-inner\">\n\t\t\t\t<div class=\"elementor-element elementor-element-888525c elementor-widget elementor-widget-heading\" data-id=\"888525c\" data-element_type=\"widget\" data-widget_type=\"heading.default\">\n\t\t\t\t<div class=\"elementor-widget-container\">\n\t\t\t<style>\/*! elementor - v3.17.0 - 01-11-2023 *\/\n.elementor-heading-title{padding:0;margin:0;line-height:1}.elementor-widget-heading .elementor-heading-title[class*=elementor-size-]>a{color:inherit;font-size:inherit;line-height:inherit}.elementor-widget-heading .elementor-heading-title.elementor-size-small{font-size:15px}.elementor-widget-heading .elementor-heading-title.elementor-size-medium{font-size:19px}.elementor-widget-heading .elementor-heading-title.elementor-size-large{font-size:29px}.elementor-widget-heading .elementor-heading-title.elementor-size-xl{font-size:39px}.elementor-widget-heading .elementor-heading-title.elementor-size-xxl{font-size:59px}<\/style><h2 class=\"elementor-heading-title elementor-size-default\">Therapieablauf<\/h2>\t\t<\/div>\n\t\t\t\t<\/div>\n\t\t\t\t\t<\/div>\n\t\t\t\t<\/div>\n\t\t<div class=\"elementor-element elementor-element-9a4e71f e-flex e-con-boxed e-con e-parent\" data-id=\"9a4e71f\" data-element_type=\"container\" data-settings=\"{&quot;content_width&quot;:&quot;boxed&quot;}\" data-core-v316-plus=\"true\">\n\t\t\t\t\t<div class=\"e-con-inner\">\n\t\t\t\t<div class=\"elementor-element elementor-element-4e3acbc elementor-widget elementor-widget-text-editor\" data-id=\"4e3acbc\" data-element_type=\"widget\" data-widget_type=\"text-editor.default\">\n\t\t\t\t<div class=\"elementor-widget-container\">\n\t\t\t<style>\/*! elementor - v3.17.0 - 01-11-2023 *\/\n.elementor-widget-text-editor.elementor-drop-cap-view-stacked .elementor-drop-cap{background-color:#69727d;color:#fff}.elementor-widget-text-editor.elementor-drop-cap-view-framed .elementor-drop-cap{color:#69727d;border:3px solid;background-color:transparent}.elementor-widget-text-editor:not(.elementor-drop-cap-view-default) .elementor-drop-cap{margin-top:8px}.elementor-widget-text-editor:not(.elementor-drop-cap-view-default) .elementor-drop-cap-letter{width:1em;height:1em}.elementor-widget-text-editor .elementor-drop-cap{float:left;text-align:center;line-height:1;font-size:50px}.elementor-widget-text-editor .elementor-drop-cap-letter{display:inline-block}<\/style>\t\t\t\t<strong>Vor der Therapie:  <\/strong>\t\t\t\t\t\t<\/div>\n\t\t\t\t<\/div>\n\t\t\t\t\t<\/div>\n\t\t\t\t<\/div>\n\t\t<div class=\"elementor-element elementor-element-779b0a6 e-flex e-con-boxed e-con e-parent\" data-id=\"779b0a6\" data-element_type=\"container\" data-settings=\"{&quot;content_width&quot;:&quot;boxed&quot;}\" data-core-v316-plus=\"true\">\n\t\t\t\t\t<div class=\"e-con-inner\">\n\t\t\t\t<div class=\"elementor-element elementor-element-17442a2 elementor-widget elementor-widget-text-editor\" data-id=\"17442a2\" data-element_type=\"widget\" data-widget_type=\"text-editor.default\">\n\t\t\t\t<div class=\"elementor-widget-container\">\n\t\t\t\t\t\t\t<p>Idealerweise sollte vor Beginn der physiotherapeutischen Behandlung eine tier\u00e4rztliche Diagnose vorliegen. Wenn dies nicht der Fall ist, werden wir in einem gemeinsamen Vorgespr\u00e4ch entscheiden, ob eine Therapie gestartet werden kann oder ob zuvor eine Konsultation mit einem Tierarzt erforderlich ist.<\/p><p>Bitte bringen Sie zum ersten Termin den ausgef\u00fcllten Fragebogen, vorhandene R\u00f6ntgenaufnahmen, Arztberichte und \u00e4hnliches mit. Gern k\u00f6nnen Sie mir die Unterlagen auch vorab per Mail senden, so dass ich mir schon vor dem Termin einen ersten Eindruck verschaffen kann.<\/p><p>Direkt vor der physiotherapeutischen Behandlung sollte das Tier nichts mehr essen. Es empfiehlt sich, mindestens zwei Stunden Abstand zwischen der Futteraufnahme und der Therapie einzuhalten.<\/p><p>Sie d\u00fcrfen und sollten jedoch kleine, besondere Leckereien zur Behandlung mitbringen. Diese dienen als Motivation und Belohnung w\u00e4hrend der spielerischen Durchf\u00fchrung verschiedener \u00dcbungen. Achten Sie jedoch darauf, gegebenenfalls die zus\u00e4tzliche Ration an diesem Tag von der regul\u00e4ren Futterration abzuziehen.<\/p><p>Dar\u00fcber hinaus ist es hilfreich, eine eigene Decke mitzubringen, auf der sich Ihr Tier wohlf\u00fchlt.<\/p><p>Gro\u00dfe Spazierg\u00e4nge sollten direkt vor und nach der Therapie vermieden werden. Selbstverst\u00e4ndlich sollte das Tier vorher jedoch noch die Gelegenheit bekommen, sich zu l\u00f6sen.<\/p><p>Falls Sie einen Termin nicht einhalten k\u00f6nnen, teilen Sie dies bitte mindestens 24 Stunden im Voraus mit. So erhalten andere bed\u00fcrftige Patienten die M\u00f6glichkeit, diesen Zeitraum f\u00fcr eine Behandlung zu nutzen. Termine, die nicht rechtzeitig abgesagt oder ohne Vorank\u00fcndigung vers\u00e4umt werden, m\u00fcssen gegebenenfalls in Rechnung gestellt werden.<\/p>\t\t\t\t\t\t<\/div>\n\t\t\t\t<\/div>\n\t\t\t\t\t<\/div>\n\t\t\t\t<\/div>\n\t\t<div class=\"elementor-element elementor-element-e23c2aa e-flex e-con-boxed e-con e-parent\" data-id=\"e23c2aa\" data-element_type=\"container\" data-settings=\"{&quot;content_width&quot;:&quot;boxed&quot;}\" data-core-v316-plus=\"true\">\n\t\t\t\t\t<div class=\"e-con-inner\">\n\t\t\t\t<div class=\"elementor-element elementor-element-d66cb96 elementor-widget elementor-widget-text-editor\" data-id=\"d66cb96\" data-element_type=\"widget\" data-widget_type=\"text-editor.default\">\n\t\t\t\t<div class=\"elementor-widget-container\">\n\t\t\t\t\t\t\t<p><strong>W\u00e4hrend der Therapie: <\/strong><\/p>\t\t\t\t\t\t<\/div>\n\t\t\t\t<\/div>\n\t\t\t\t\t<\/div>\n\t\t\t\t<\/div>\n\t\t<div class=\"elementor-element elementor-element-03bc225 e-flex e-con-boxed e-con e-parent\" data-id=\"03bc225\" data-element_type=\"container\" data-settings=\"{&quot;content_width&quot;:&quot;boxed&quot;}\" data-core-v316-plus=\"true\">\n\t\t\t\t\t<div class=\"e-con-inner\">\n\t\t\t\t<div class=\"elementor-element elementor-element-1648b86 elementor-widget elementor-widget-text-editor\" data-id=\"1648b86\" data-element_type=\"widget\" data-widget_type=\"text-editor.default\">\n\t\t\t\t<div class=\"elementor-widget-container\">\n\t\t\t\t\t\t\t<p>Zu Beginn einer Therapie wird zun\u00e4chst ein therapeutischer Befund erstellt. Dabei erfolgt eine gr\u00fcndliche Untersuchung und Bewertung des Patienten, um dessen Gesundheitszustand zu beurteilen, seine spezifischen Probleme oder Beschwerden zu identifizieren und damit eine Grundlage f\u00fcr die Entwicklung eines individuellen Behandlungsplans zu schaffen.<br \/>Achtung: Dieser Befund ersetzt keine tier\u00e4rztliche Diagnose.<\/p><p>Im Anschluss erstellen wir einen auf den Patienten angepassten Therapieplan. Dieser enth\u00e4lt auch kleine \u00dcbungen, die w\u00e4hrend der Therapie gezeigt und gemeinsam durchgef\u00fchrt werden und die Sie au\u00dferhalb unserer Therapie zu Hause selbst durchf\u00fchren k\u00f6nnen.<br \/>F\u00fcr eine therapeutische Erstuntersuchung mit anschlie\u00dfender Behandlung sollten in der Regel, abh\u00e4ngig von der Tierart, etwa 60 bis 90 Minuten eingeplant werden. Die Dauer der folgenden Behandlungen variiert je nach Krankheitsbild und dem Befinden des Patienten und kann zwischen 30 und 60 Minuten liegen.<\/p><p>Die Bezahlung erfolgt gem\u00e4\u00df der aktuellen Preis\u00fcbersicht und wird unmittelbar im Anschluss an jede Behandlung in bar abgewickelt.<\/p>\t\t\t\t\t\t<\/div>\n\t\t\t\t<\/div>\n\t\t\t\t\t<\/div>\n\t\t\t\t<\/div>\n\t\t<div class=\"elementor-element elementor-element-de8e8c9 e-flex e-con-boxed e-con e-parent\" data-id=\"de8e8c9\" data-element_type=\"container\" data-settings=\"{&quot;content_width&quot;:&quot;boxed&quot;}\" data-core-v316-plus=\"true\">\n\t\t\t\t\t<div class=\"e-con-inner\">\n\t\t\t\t<div class=\"elementor-element elementor-element-e607053 elementor-widget elementor-widget-text-editor\" data-id=\"e607053\" data-element_type=\"widget\" data-widget_type=\"text-editor.default\">\n\t\t\t\t<div class=\"elementor-widget-container\">\n\t\t\t\t\t\t\t<p><strong>nach der Therapie: <\/strong><\/p>\t\t\t\t\t\t<\/div>\n\t\t\t\t<\/div>\n\t\t\t\t\t<\/div>\n\t\t\t\t<\/div>\n\t\t<div class=\"elementor-element elementor-element-42dd006 e-flex e-con-boxed e-con e-parent\" data-id=\"42dd006\" data-element_type=\"container\" data-settings=\"{&quot;content_width&quot;:&quot;boxed&quot;}\" data-core-v316-plus=\"true\">\n\t\t\t\t\t<div class=\"e-con-inner\">\n\t\t\t\t<div class=\"elementor-element elementor-element-9cfe0b1 elementor-widget elementor-widget-text-editor\" data-id=\"9cfe0b1\" data-element_type=\"widget\" data-widget_type=\"text-editor.default\">\n\t\t\t\t<div class=\"elementor-widget-container\">\n\t\t\t\t\t\t\t<p>Nach der Behandlung versp\u00fcren viele Tiere den Drang zu urinieren, da einige Therapien den Stoffwechsel und den Fl\u00fcssigkeitshaushalt des K\u00f6rpers anregen. Bitte geben Sie Ihrem Tier die M\u00f6glichkeit, sich noch einmal zu l\u00f6sen, verlangen Sie aber dar\u00fcber hinaus nicht mehr zu viel und g\u00f6nnen Ihrem Vierbeiner etwas Ruhe.<\/p><p>Es kann vorkommen, dass das Tier nach den Behandlungseinheiten vor\u00fcbergehend Muskelkater entwickelt, insbesondere zu Beginn der Therapie. Dies \u00e4u\u00dfert sich m\u00f6glicherweise durch schwerf\u00e4lligeres Aufstehen oder eine reduzierte Bewegungslust in den ersten Tagen nach der Behandlung. Das ist v\u00f6llig normal. Bei der Physiotherapie werden teilweise v\u00f6llig neue Reize auf die Muskulatur, Gelenke, Sehnen usw. gesetzt, die, auch wenn sie auf den ersten Blick nicht besonders anstrengend aussehen, dennoch sehr intensiv sein k\u00f6nnen. Falls Sie jedoch starke oder langanhaltende Beschwerden bei Ihrem Tier bemerken, sollten Sie aus Sicherheitsgr\u00fcnden die Therapeutin kontaktieren.<\/p>\t\t\t\t\t\t<\/div>\n\t\t\t\t<\/div>\n\t\t\t\t\t<\/div>\n\t\t\t\t<\/div>\n\t\t\t\t\t\t\t<\/div>\n\t\t","protected":false},"excerpt":{"rendered":"<p>Therapieablauf Vor der Therapie: Idealerweise sollte vor Beginn der physiotherapeutischen Behandlung eine tier\u00e4rztliche Diagnose vorliegen. Wenn dies nicht der Fall ist, werden wir in einem gemeinsamen Vorgespr\u00e4ch entscheiden, ob eine Therapie gestartet werden kann oder ob zuvor eine Konsultation mit einem Tierarzt erforderlich ist. Bitte bringen Sie zum ersten Termin den ausgef\u00fcllten Fragebogen, vorhandene R\u00f6ntgenaufnahmen, &hellip;<\/p>\n<p class=\"read-more\"> <a class=\"\" href=\"https:\/\/kiss.nu\/?page_id=167\"> <span class=\"screen-reader-text\">Therapieablauf<\/span> Weiterlesen &raquo;<\/a><\/p>\n","protected":false},"author":1,"featured_media":0,"parent":0,"menu_order":0,"comment_status":"closed","ping_status":"closed","template":"","meta":{"site-sidebar-layout":"no-sidebar","site-content-layout":"","ast-site-content-layout":"full-width-container","site-content-style":"default","site-sidebar-style":"default","ast-global-header-display":"","ast-banner-title-visibility":"","ast-main-header-display":"","ast-hfb-above-header-display":"","ast-hfb-below-header-display":"","ast-hfb-mobile-header-display":"","site-post-title":"disabled","ast-breadcrumbs-content":"","ast-featured-img":"disabled","footer-sml-layout":"","theme-transparent-header-meta":"","adv-header-id-meta":"","stick-header-meta":"","header-above-stick-meta":"","header-main-stick-meta":"","header-below-stick-meta":"","astra-migrate-meta-layouts":"","ast-page-background-enabled":"default","ast-page-background-meta":{"desktop":{"background-color":"var(--ast-global-color-4)","background-image":"","background-repeat":"repeat","background-position":"center center","background-size":"auto","background-attachment":"scroll","background-type":"","background-media":"","overlay-type":"","overlay-color":"","overlay-gradient":""},"tablet":{"background-color":"","background-image":"","background-repeat":"repeat","background-position":"center center","background-size":"auto","background-attachment":"scroll","background-type":"","background-media":"","overlay-type":"","overlay-color":"","overlay-gradient":""},"mobile":{"background-color":"","background-image":"","background-repeat":"repeat","background-position":"center center","background-size":"auto","background-attachment":"scroll","background-type":"","background-media":"","overlay-type":"","overlay-color":"","overlay-gradient":""}},"ast-content-background-meta":{"desktop":{"background-color":"var(--ast-global-color-5)","background-image":"","background-repeat":"repeat","background-position":"center center","background-size":"auto","background-attachment":"scroll","background-type":"","background-media":"","overlay-type":"","overlay-color":"","overlay-gradient":""},"tablet":{"background-color":"var(--ast-global-color-5)","background-image":"","background-repeat":"repeat","background-position":"center center","background-size":"auto","background-attachment":"scroll","background-type":"","background-media":"","overlay-type":"","overlay-color":"","overlay-gradient":""},"mobile":{"background-color":"var(--ast-global-color-5)","background-image":"","background-repeat":"repeat","background-position":"center center","background-size":"auto","background-attachment":"scroll","background-type":"","background-media":"","overlay-type":"","overlay-color":"","overlay-gradient":""}},"footnotes":""},"class_list":["post-167","page","type-page","status-publish","hentry"],"_links":{"self":[{"href":"https:\/\/kiss.nu\/index.php?rest_route=\/wp\/v2\/pages\/167","targetHints":{"allow":["GET"]}}],"collection":[{"href":"https:\/\/kiss.nu\/index.php?rest_route=\/wp\/v2\/pages"}],"about":[{"href":"https:\/\/kiss.nu\/index.php?rest_route=\/wp\/v2\/types\/page"}],"author":[{"embeddable":true,"href":"https:\/\/kiss.nu\/index.php?rest_route=\/wp\/v2\/users\/1"}],"replies":[{"embeddable":true,"href":"https:\/\/kiss.nu\/index.php?rest_route=%2Fwp%2Fv2%2Fcomments&post=167"}],"version-history":[{"count":34,"href":"https:\/\/kiss.nu\/index.php?rest_route=\/wp\/v2\/pages\/167\/revisions"}],"predecessor-version":[{"id":649,"href":"https:\/\/kiss.nu\/index.php?rest_route=\/wp\/v2\/pages\/167\/revisions\/649"}],"wp:attachment":[{"href":"https:\/\/kiss.nu\/index.php?rest_route=%2Fwp%2Fv2%2Fmedia&parent=167"}],"curies":[{"name":"wp","href":"https:\/\/api.w.org\/{rel}","templated":true}]}}